{"id":77,"date":"2025-02-25T05:57:18","date_gmt":"2025-02-25T05:57:18","guid":{"rendered":"https:\/\/semeo.ro\/app\/?page_id=77"},"modified":"2025-07-16T08:30:44","modified_gmt":"2025-07-16T06:30:44","slug":"abonamente","status":"publish","type":"page","link":"https:\/\/semeo.ro\/app\/abonamente\/","title":{"rendered":"Abonamente"},"content":{"rendered":"<p>[et_pb_section fb_built=&#8221;1&#8243; admin_label=&#8221;H1 si primul paragraf&#8221; _builder_version=&#8221;4.27.2&#8243; _module_preset=&#8221;default&#8221; background_color=&#8221;#000dff&#8221; collapsed=&#8221;on&#8221; global_colors_info=&#8221;{}&#8221;][et_pb_row custom_padding_last_edited=&#8221;on|phone&#8221; _builder_version=&#8221;4.27.4&#8243; _module_preset=&#8221;default&#8221; width_tablet=&#8221;90%&#8221; width_phone=&#8221;90%&#8221; width_last_edited=&#8221;on|phone&#8221; custom_padding=&#8221;80px||80px||false|false&#8221; custom_padding_tablet=&#8221;40px||40px||false|false&#8221; custom_padding_phone=&#8221;20px||20px||false|false&#8221; global_colors_info=&#8221;{}&#8221;][et_pb_column type=&#8221;4_4&#8243; _builder_version=&#8221;4.27.2&#8243; _module_preset=&#8221;default&#8221; global_colors_info=&#8221;{}&#8221;][et_pb_text _builder_version=&#8221;4.27.2&#8243; _module_preset=&#8221;default&#8221; text_text_color=&#8221;#FFFFFF&#8221; header_text_color=&#8221;#FFFFFF&#8221; header_2_text_color=&#8221;#FFFFFF&#8221; header_3_text_color=&#8221;#FFFFFF&#8221; global_colors_info=&#8221;{}&#8221;]<\/p>\n<h1>Abonamente SEMEO<\/h1>\n<p>SEO de con\u021binut \u00een limba rom\u00e2n\u0103 realizat cu AI specializat \u00een analiz\u0103 \u0219i evaluare semantic\u0103.<\/p>\n<p>[\/et_pb_text][\/et_pb_column][\/et_pb_row][\/et_pb_section][et_pb_section fb_built=&#8221;1&#8243; custom_padding_last_edited=&#8221;on|phone&#8221; admin_label=&#8221;Abonamente&#8221; _builder_version=&#8221;4.27.4&#8243; _module_preset=&#8221;default&#8221; custom_padding_tablet=&#8221;&#8221; custom_padding_phone=&#8221;||0px||false|false&#8221; collapsed=&#8221;on&#8221; global_colors_info=&#8221;{}&#8221;][et_pb_row _builder_version=&#8221;4.27.4&#8243; _module_preset=&#8221;default&#8221; width_tablet=&#8221;90%&#8221; width_phone=&#8221;90%&#8221; width_last_edited=&#8221;on|desktop&#8221; global_colors_info=&#8221;{}&#8221;][et_pb_column type=&#8221;4_4&#8243; _builder_version=&#8221;4.27.2&#8243; _module_preset=&#8221;default&#8221; global_colors_info=&#8221;{}&#8221;][et_pb_code _builder_version=&#8221;4.27.4&#8243; _module_preset=&#8221;default&#8221; width=&#8221;100%&#8221; max_width=&#8221;100%&#8221; module_alignment=&#8221;center&#8221; global_colors_info=&#8221;{}&#8221;]  <\/p>\n<div class=\"container seo_abonament_pricing-table\"><!-- [et_pb_line_break_holder] -->    <\/p>\n<div class=\"grid\"><!-- [et_pb_line_break_holder] -->      <!-- Card pentru planul Lite --><!-- [et_pb_line_break_holder] -->      <\/p>\n<div class=\"col-4_sm-12\"><!-- [et_pb_line_break_holder] -->        <\/p>\n<div class=\"seo_abonament_md3-card\"><!-- [et_pb_line_break_holder] -->          <\/p>\n<div class=\"seo_abonament_pricing-header\"><!-- [et_pb_line_break_holder] -->            <\/p>\n<h3>Lite<\/h3>\n<p><!-- [et_pb_line_break_holder] -->            <\/p>\n<hr>\n<p><!-- [et_pb_line_break_holder] -->            <pee><!-- [et_pb_line_break_holder] -->\t\t\t\t\t\t\tIdeal pentru jurnali\u0219ti independen\u021bi, bloggeri, administratori de afaceri mici care au nevoie de un num\u0103r redus de analize semantice lunare pentru articole on-line \u0219i website-uri cu p\u00e2n\u0103 \u00een 10 pagini.<!-- [et_pb_line_break_holder] -->            <\/pee><!-- [et_pb_line_break_holder] -->          <\/div>\n<p><!-- [et_pb_line_break_holder] -->          <\/p>\n<div class=\"seo_abonament_pricing-features\"><!-- [et_pb_line_break_holder] -->            <\/p>\n<ul><!-- [et_pb_line_break_holder] -->              <\/p>\n<li><!-- [et_pb_line_break_holder] -->                <span class=\"material-symbols-outlined\">check<\/span><!-- [et_pb_line_break_holder] -->                Analize semantice asistate de AI: <strong>50<\/strong><!-- [et_pb_line_break_holder] -->              <\/li>\n<p><!-- [et_pb_line_break_holder] -->              <\/p>\n<li><!-- [et_pb_line_break_holder] -->                <span class=\"material-symbols-outlined\">check<\/span><!-- [et_pb_line_break_holder] -->                Identificarea \u0219i analiza <strong>expresiilor derivate<\/strong> \u0219i a <strong>sinonimelor<\/strong> pentru trei cuvinte-cheie per pagin\u0103 web<!-- [et_pb_line_break_holder] -->              <\/li>\n<p><!-- [et_pb_line_break_holder] -->              <\/p>\n<li><!-- [et_pb_line_break_holder] -->                <span class=\"material-symbols-outlined\">check<\/span><!-- [et_pb_line_break_holder] -->                <strong>Analiza factualit\u0103\u021bii:<\/strong> dup\u0103 num\u0103rul de elemente tehnice factuale identificate \u0219i clasificarea semantic\u0103 a paginii<!-- [et_pb_line_break_holder] -->              <\/li>\n<p><!-- [et_pb_line_break_holder] -->              <\/p>\n<li><!-- [et_pb_line_break_holder] -->                <span class=\"material-symbols-outlined\">check<\/span><!-- [et_pb_line_break_holder] -->                <strong>Evaluarea SEO de con\u021binut:<\/strong><!-- [et_pb_line_break_holder] -->\n<ul><!-- [et_pb_line_break_holder] -->                  <\/p>\n<li><!-- [et_pb_line_break_holder] -->                    <span class=\"material-symbols-outlined\">title<\/span> Titlul<!-- [et_pb_line_break_holder] -->                  <\/li>\n<p><!-- [et_pb_line_break_holder] -->                  <\/p>\n<li><!-- [et_pb_line_break_holder] -->                    <span class=\"material-symbols-outlined\">integration_instructions<\/span> Descriere meta<!-- [et_pb_line_break_holder] -->                  <\/li>\n<p><!-- [et_pb_line_break_holder] -->                  <\/p>\n<li><!-- [et_pb_line_break_holder] -->                    <span class=\"material-symbols-outlined\">link<\/span> URL<!-- [et_pb_line_break_holder] -->                  <\/li>\n<p><!-- [et_pb_line_break_holder] -->                  <\/p>\n<li><!-- [et_pb_line_break_holder] -->                    <span class=\"material-symbols-outlined\">add_link<\/span> Link-uri interne \u0219i externe<!-- [et_pb_line_break_holder] -->                  <\/li>\n<p><!-- [et_pb_line_break_holder] -->                  <\/p>\n<li><!-- [et_pb_line_break_holder] -->                    <span class=\"material-symbols-outlined\">image<\/span> Imagini (nume fi\u0219ier \u0219i descriere ALT)<!-- [et_pb_line_break_holder] -->                  <\/li>\n<p><!-- [et_pb_line_break_holder] -->                  <\/p>\n<li><!-- [et_pb_line_break_holder] -->                    <span class=\"material-symbols-outlined\">format_h1<\/span> Titlul principal H1<!-- [et_pb_line_break_holder] -->                  <\/li>\n<p><!-- [et_pb_line_break_holder] -->                  <\/p>\n<li><!-- [et_pb_line_break_holder] -->                    <span class=\"material-symbols-outlined\">format_h2<\/span> Subtitluri H2 \u0219i H3<!-- [et_pb_line_break_holder] -->                  <\/li>\n<p><!-- [et_pb_line_break_holder] -->                  <\/p>\n<li><!-- [et_pb_line_break_holder] -->                    <span class=\"material-symbols-outlined\">content_paste_search<\/span> Con\u021binut text<!-- [et_pb_line_break_holder] -->                  <\/li>\n<p><!-- [et_pb_line_break_holder] -->                  <\/p>\n<li><!-- [et_pb_line_break_holder] -->                    <span class=\"material-symbols-outlined\">segment<\/span> Primul paragraf<!-- [et_pb_line_break_holder] -->                  <\/li>\n<p><!-- [et_pb_line_break_holder] -->                <\/ul>\n<p><!-- [et_pb_line_break_holder] -->              <\/li>\n<p><!-- [et_pb_line_break_holder] -->            <\/ul>\n<p><!-- [et_pb_line_break_holder] -->          <\/div>\n<p><!-- [et_pb_line_break_holder] -->          <\/p>\n<div class=\"seo_abonament_pricing-footer\"><!-- [et_pb_line_break_holder] -->            <\/p>\n<div class=\"seo_abonament_pricing-price\">100 RON\/lun\u0103<\/div>\n<p><!-- [et_pb_line_break_holder] -->            <a href=\"https:\/\/semeo.ro\/app\/finalizare\/?add-to-cart=69\" class=\"seo_abonament_select-plan\">Aboneaz\u0103-te<\/a><!-- [et_pb_line_break_holder] -->          <\/div>\n<p><!-- [et_pb_line_break_holder] -->        <\/div>\n<p><!-- [et_pb_line_break_holder] -->      <\/div>\n<p><!-- [et_pb_line_break_holder] -->      <!-- Card pentru planul Pro --><!-- [et_pb_line_break_holder] -->      <\/p>\n<div class=\"col-4_sm-12\"><!-- [et_pb_line_break_holder] -->        <\/p>\n<div class=\"seo_abonament_md3-card\"><!-- [et_pb_line_break_holder] -->          <\/p>\n<div class=\"seo_abonament_pricing-header\"><!-- [et_pb_line_break_holder] -->            <\/p>\n<h3>Pro<\/h3>\n<p><!-- [et_pb_line_break_holder] -->            <\/p>\n<hr>\n<p><!-- [et_pb_line_break_holder] -->            <pee><!-- [et_pb_line_break_holder] -->              Se adreseaz\u0103 speciali\u0219tilor \u00een marketing \u0219i v\u00e2nz\u0103ri, ziarelor on-line, bloggerilor, administratorilor de afaceri care doresc s\u0103 optimizeze un num\u0103r mediu de pagini web lunar (aproximativ 100).<!-- [et_pb_line_break_holder] -->            <\/pee><!-- [et_pb_line_break_holder] -->          <\/div>\n<p><!-- [et_pb_line_break_holder] -->          <\/p>\n<div class=\"seo_abonament_pricing-features\"><!-- [et_pb_line_break_holder] -->            <\/p>\n<ul><!-- [et_pb_line_break_holder] -->              <\/p>\n<li><!-- [et_pb_line_break_holder] -->                <span class=\"material-symbols-outlined\">check<\/span><!-- [et_pb_line_break_holder] -->                Analize semantice asistate de AI: <strong>500<\/strong><!-- [et_pb_line_break_holder] -->              <\/li>\n<p><!-- [et_pb_line_break_holder] -->              <\/p>\n<li><!-- [et_pb_line_break_holder] -->                <span class=\"material-symbols-outlined\">check<\/span><!-- [et_pb_line_break_holder] -->                Identificarea \u0219i analiza <strong>expresiilor derivate<\/strong> \u0219i a <strong>sinonimelor<\/strong> pentru trei cuvinte-cheie per pagin\u0103 web<!-- [et_pb_line_break_holder] -->              <\/li>\n<p><!-- [et_pb_line_break_holder] -->              <\/p>\n<li><!-- [et_pb_line_break_holder] -->                <span class=\"material-symbols-outlined\">check<\/span><!-- [et_pb_line_break_holder] -->                <strong>Analiza factualit\u0103\u021bii:<\/strong> dup\u0103 num\u0103rul de elemente tehnice factuale identificate \u0219i clasificarea semantic\u0103 a paginii<!-- [et_pb_line_break_holder] -->              <\/li>\n<p><!-- [et_pb_line_break_holder] -->              <\/p>\n<li><!-- [et_pb_line_break_holder] -->                <span class=\"material-symbols-outlined\">check<\/span><!-- [et_pb_line_break_holder] -->                <strong>Evaluarea SEO de con\u021binut:<\/strong><!-- [et_pb_line_break_holder] -->\n<ul><!-- [et_pb_line_break_holder] -->                  <\/p>\n<li><!-- [et_pb_line_break_holder] -->                    <span class=\"material-symbols-outlined\">title<\/span> Titlul<!-- [et_pb_line_break_holder] -->                  <\/li>\n<p><!-- [et_pb_line_break_holder] -->                  <\/p>\n<li><!-- [et_pb_line_break_holder] -->                    <span class=\"material-symbols-outlined\">integration_instructions<\/span> Descriere meta<!-- [et_pb_line_break_holder] -->                  <\/li>\n<p><!-- [et_pb_line_break_holder] -->                  <\/p>\n<li><!-- [et_pb_line_break_holder] -->                    <span class=\"material-symbols-outlined\">link<\/span> URL<!-- [et_pb_line_break_holder] -->                  <\/li>\n<p><!-- [et_pb_line_break_holder] -->                  <\/p>\n<li><!-- [et_pb_line_break_holder] -->                    <span class=\"material-symbols-outlined\">add_link<\/span> Link-uri interne \u0219i externe<!-- [et_pb_line_break_holder] -->                  <\/li>\n<p><!-- [et_pb_line_break_holder] -->                  <\/p>\n<li><!-- [et_pb_line_break_holder] -->                    <span class=\"material-symbols-outlined\">image<\/span> Imagini (nume fi\u0219ier \u0219i descriere ALT)<!-- [et_pb_line_break_holder] -->                  <\/li>\n<p><!-- [et_pb_line_break_holder] -->                  <\/p>\n<li><!-- [et_pb_line_break_holder] -->                    <span class=\"material-symbols-outlined\">format_h1<\/span> Titlul principal H1<!-- [et_pb_line_break_holder] -->                  <\/li>\n<p><!-- [et_pb_line_break_holder] -->                  <\/p>\n<li><!-- [et_pb_line_break_holder] -->                    <span class=\"material-symbols-outlined\">format_h2<\/span> Subtitluri H2 \u0219i H3<!-- [et_pb_line_break_holder] -->                  <\/li>\n<p><!-- [et_pb_line_break_holder] -->                  <\/p>\n<li><!-- [et_pb_line_break_holder] -->                    <span class=\"material-symbols-outlined\">content_paste_search<\/span> Con\u021binut text<!-- [et_pb_line_break_holder] -->                  <\/li>\n<p><!-- [et_pb_line_break_holder] -->                  <\/p>\n<li><!-- [et_pb_line_break_holder] -->                    <span class=\"material-symbols-outlined\">segment<\/span> Primul paragraf<!-- [et_pb_line_break_holder] -->                  <\/li>\n<p><!-- [et_pb_line_break_holder] -->                <\/ul>\n<p><!-- [et_pb_line_break_holder] -->              <\/li>\n<p><!-- [et_pb_line_break_holder] -->            <\/ul>\n<p><!-- [et_pb_line_break_holder] -->          <\/div>\n<p><!-- [et_pb_line_break_holder] -->          <\/p>\n<div class=\"seo_abonament_pricing-footer\"><!-- [et_pb_line_break_holder] -->            <\/p>\n<div class=\"seo_abonament_pricing-price\">250 RON\/lun\u0103<\/div>\n<p><!-- [et_pb_line_break_holder] -->            <a href=\"https:\/\/semeo.ro\/app\/finalizare\/?add-to-cart=214\" class=\"seo_abonament_select-plan\">Aboneaz\u0103-te<\/a><!-- [et_pb_line_break_holder] -->          <\/div>\n<p><!-- [et_pb_line_break_holder] -->        <\/div>\n<p><!-- [et_pb_line_break_holder] -->      <\/div>\n<p><!-- [et_pb_line_break_holder] -->      <!-- Card pentru planul Pro Plus --><!-- [et_pb_line_break_holder] -->      <\/p>\n<div class=\"col-4_sm-12\"><!-- [et_pb_line_break_holder] -->        <\/p>\n<div class=\"seo_abonament_md3-card\"><!-- [et_pb_line_break_holder] -->          <\/p>\n<div class=\"seo_abonament_pricing-header\"><!-- [et_pb_line_break_holder] -->            <\/p>\n<h3>Pro Plus<\/h3>\n<p><!-- [et_pb_line_break_holder] -->            <\/p>\n<hr>\n<p><!-- [et_pb_line_break_holder] -->            <pee><!-- [et_pb_line_break_holder] -->               Perfect pentru agen\u021biile de marketing sau companiile mari, inclusiv din domeniul presei scrise \u0219i e-commerce, care public\u0103 multiple articole on-line \u0219i necesit\u0103 un volum mare de analize semantice lunare.<!-- [et_pb_line_break_holder] -->            <\/pee><!-- [et_pb_line_break_holder] -->          <\/div>\n<p><!-- [et_pb_line_break_holder] -->          <\/p>\n<div class=\"seo_abonament_pricing-features\"><!-- [et_pb_line_break_holder] -->            <\/p>\n<ul><!-- [et_pb_line_break_holder] -->              <\/p>\n<li><!-- [et_pb_line_break_holder] -->                <span class=\"material-symbols-outlined\">check<\/span><!-- [et_pb_line_break_holder] -->                Analize semantice asistate de AI: <strong>1500<\/strong><!-- [et_pb_line_break_holder] -->              <\/li>\n<p><!-- [et_pb_line_break_holder] -->              <\/p>\n<li><!-- [et_pb_line_break_holder] -->                <span class=\"material-symbols-outlined\">check<\/span><!-- [et_pb_line_break_holder] -->                Identificarea \u0219i analiza <strong>expresiilor derivate<\/strong> \u0219i a <strong>sinonimelor<\/strong> pentru trei cuvinte-cheie per pagin\u0103 web<!-- [et_pb_line_break_holder] -->              <\/li>\n<p><!-- [et_pb_line_break_holder] -->              <\/p>\n<li><!-- [et_pb_line_break_holder] -->                <span class=\"material-symbols-outlined\">check<\/span><!-- [et_pb_line_break_holder] -->                <strong>Analiza factualit\u0103\u021bii:<\/strong> dup\u0103 num\u0103rul de elemente tehnice factuale identificate \u0219i clasificarea semantic\u0103 a paginii<!-- [et_pb_line_break_holder] -->              <\/li>\n<p><!-- [et_pb_line_break_holder] -->              <\/p>\n<li><!-- [et_pb_line_break_holder] -->                <span class=\"material-symbols-outlined\">check<\/span><!-- [et_pb_line_break_holder] -->                <strong>Evaluarea SEO de con\u021binut:<\/strong><!-- [et_pb_line_break_holder] -->\n<ul><!-- [et_pb_line_break_holder] -->                  <\/p>\n<li><!-- [et_pb_line_break_holder] -->                    <span class=\"material-symbols-outlined\">title<\/span> Titlul<!-- [et_pb_line_break_holder] -->                  <\/li>\n<p><!-- [et_pb_line_break_holder] -->                  <\/p>\n<li><!-- [et_pb_line_break_holder] -->                    <span class=\"material-symbols-outlined\">integration_instructions<\/span> Descriere meta<!-- [et_pb_line_break_holder] -->                  <\/li>\n<p><!-- [et_pb_line_break_holder] -->                  <\/p>\n<li><!-- [et_pb_line_break_holder] -->                    <span class=\"material-symbols-outlined\">link<\/span> URL<!-- [et_pb_line_break_holder] -->                  <\/li>\n<p><!-- [et_pb_line_break_holder] -->                  <\/p>\n<li><!-- [et_pb_line_break_holder] -->                    <span class=\"material-symbols-outlined\">add_link<\/span> Link-uri interne \u0219i externe<!-- [et_pb_line_break_holder] -->                  <\/li>\n<p><!-- [et_pb_line_break_holder] -->                  <\/p>\n<li><!-- [et_pb_line_break_holder] -->                    <span class=\"material-symbols-outlined\">image<\/span> Imagini (nume fi\u0219ier \u0219i descriere ALT)<!-- [et_pb_line_break_holder] -->                  <\/li>\n<p><!-- [et_pb_line_break_holder] -->                  <\/p>\n<li><!-- [et_pb_line_break_holder] -->                    <span class=\"material-symbols-outlined\">format_h1<\/span> Titlul principal H1<!-- [et_pb_line_break_holder] -->                  <\/li>\n<p><!-- [et_pb_line_break_holder] -->                  <\/p>\n<li><!-- [et_pb_line_break_holder] -->                    <span class=\"material-symbols-outlined\">format_h2<\/span> Subtitluri H2 \u0219i H3<!-- [et_pb_line_break_holder] -->                  <\/li>\n<p><!-- [et_pb_line_break_holder] -->                  <\/p>\n<li><!-- [et_pb_line_break_holder] -->                    <span class=\"material-symbols-outlined\">content_paste_search<\/span> Con\u021binut text<!-- [et_pb_line_break_holder] -->                  <\/li>\n<p><!-- [et_pb_line_break_holder] -->                  <\/p>\n<li><!-- [et_pb_line_break_holder] -->                    <span class=\"material-symbols-outlined\">segment<\/span> Primul paragraf<!-- [et_pb_line_break_holder] -->                  <\/li>\n<p><!-- [et_pb_line_break_holder] -->                <\/ul>\n<p><!-- [et_pb_line_break_holder] -->              <\/li>\n<p><!-- [et_pb_line_break_holder] -->            <\/ul>\n<p><!-- [et_pb_line_break_holder] -->          <\/div>\n<p><!-- [et_pb_line_break_holder] -->          <\/p>\n<div class=\"seo_abonament_pricing-footer\"><!-- [et_pb_line_break_holder] -->            <\/p>\n<div class=\"seo_abonament_pricing-price\">500 RON\/lun\u0103<\/div>\n<p><!-- [et_pb_line_break_holder] -->            <a href=\"https:\/\/semeo.ro\/app\/finalizare\/?add-to-cart=215\" class=\"seo_abonament_select-plan\">Aboneaz\u0103-te<\/a><!-- [et_pb_line_break_holder] -->          <\/div>\n<p><!-- [et_pb_line_break_holder] -->        <\/div>\n<p><!-- [et_pb_line_break_holder] -->      <\/div>\n<p><!-- [et_pb_line_break_holder] -->    <\/div>\n<p><!-- \/.grid --><!-- [et_pb_line_break_holder] -->  <\/div>\n<p><!-- \/.seo_abonament_pricing-table -->[\/et_pb_code][\/et_pb_column][\/et_pb_row][\/et_pb_section]<\/p>\n","protected":false},"excerpt":{"rendered":"<p>Abonamente SEMEO SEO de con\u021binut \u00een limba rom\u00e2n\u0103 realizat cu AI specializat \u00een analiz\u0103 \u0219i evaluare semantic\u0103.<\/p>\n","protected":false},"author":1,"featured_media":192,"parent":0,"menu_order":0,"comment_status":"closed","ping_status":"closed","template":"","meta":{"_et_pb_use_builder":"on","_et_pb_old_content":"","_et_gb_content_width":"","inline_featured_image":false,"footnotes":""},"class_list":["post-77","page","type-page","status-publish","has-post-thumbnail","hentry"],"_links":{"self":[{"href":"https:\/\/semeo.ro\/app\/wp-json\/wp\/v2\/pages\/77","targetHints":{"allow":["GET"]}}],"collection":[{"href":"https:\/\/semeo.ro\/app\/wp-json\/wp\/v2\/pages"}],"about":[{"href":"https:\/\/semeo.ro\/app\/wp-json\/wp\/v2\/types\/page"}],"author":[{"embeddable":true,"href":"https:\/\/semeo.ro\/app\/wp-json\/wp\/v2\/users\/1"}],"replies":[{"embeddable":true,"href":"https:\/\/semeo.ro\/app\/wp-json\/wp\/v2\/comments?post=77"}],"version-history":[{"count":2,"href":"https:\/\/semeo.ro\/app\/wp-json\/wp\/v2\/pages\/77\/revisions"}],"predecessor-version":[{"id":1473,"href":"https:\/\/semeo.ro\/app\/wp-json\/wp\/v2\/pages\/77\/revisions\/1473"}],"wp:featuredmedia":[{"embeddable":true,"href":"https:\/\/semeo.ro\/app\/wp-json\/wp\/v2\/media\/192"}],"wp:attachment":[{"href":"https:\/\/semeo.ro\/app\/wp-json\/wp\/v2\/media?parent=77"}],"curies":[{"name":"wp","href":"https:\/\/api.w.org\/{rel}","templated":true}]}}